ose 0 = -7*a + 9*a + 2. Let k be t(a). Suppose -2*l - 8 = 0, -k = -5*x + 8*l - 4*l. What is the units digit of x?
3
Suppose -48*c = 32*c - 89200. What is the thousands digit of c?
1
Let d(t) = -t**3 + 22*t**2 - 12*t - 39. What is the hundreds digit of d(12)?
2
Let c = 47 - 48. What is the units digit of -1*(c - (26 - 0))?
7
Suppose 2 + 4 = 2*m. Suppose m*j - 954 = -168. What is the tens digit of j?
6
Let p be (0 - -4) + (-3 - -3). Let f be -22*2/(p/3). What is the units digit of -9*(f/9)/1?
3
Let f(a) = -2*a**3 - 6*a**2 + 44*a - 10. What is the tens digit of f(-9)?
6
Let j = -16 + 325. What is the units digit of j?
9
What is the units digit of 12/((-24)/(-190))*19?
5
Let x(c) = -c**3 - 12*c**2 - 32*c - 138. What is the units digit of x(-12)?
6
Suppose 4462 = 5*j - 3353. What is the thousands digit of j?
1
Let f = -72 - -51. Let r = f - -21. Suppose 5*i = -4*v - 3 - 0, 4*i - 5*v - 14 = r. What is the units digit of i?
1
Let h(t) = -622*t + 20. What is the thousands digit of h(-6)?
3
Suppose 0 = -6*b + 7 + 5. Suppose -8 - 2 = -b*r - 4*t, -5*r + 4*t = -11. What is the units digit of (r - -17) + (1 - 0)?
1
Suppose -4*h = 5*c - 7198, -42*h + 39*h - 9 = 0. What is the thousands digit of c?
1
Suppose t - 25 = -4*t. Let u = 33 - t. What is the units digit of u?
8
Let d(g) = -5*g**3 - 71*g**2 - 54*g - 1. Let t(p) = p**3 + 14*p**2 + 11*p. Let c(j) = 2*d(j) + 11*t(j). What is the units digit of c(-10)?
8
Suppose 25 = 10*c - 5*c. Suppose c*n - 2*n - 87 = 0. Let b = n - 18. What is the tens digit of b?
1
Let i be (0 + -1)/((-3)/6). Suppose -p - i*p = 543. What is the tens digit of p/(-5) + 56/70?
3
Let k = 31 - 26. Suppose 5*s + 5 = 0, -6*s + 7 = 2*d - k*s. Suppose d - 49 = -5*j. What is the units digit of j?
9
Let s = -1005 - -581. Let m = -177 - s. What is the tens digit of m?
4
Let h be 1/5 - (-343)/35. Let c be -3 - (-2 - 2/2). Suppose -5*v + 6*v - h = c. What is the units digit of v?
0
Suppose 0 = 8*o - 7*o - 453. What is the hundreds digit of o?
4
Suppose -5472 = -6*i - 1824. What is the units digit of i?
8
Let u(t) = t**2 - 8*t - 13. Let a be u(10). Suppose a*h - 415 = 2*h. What is the units digit of h?
3
Let q be (-2)/(-3)*(-36)/(-8). Let l(f) = 2*f**q - f - 19*f**2 + 36*f**2 - 17*f**2 + 1. What is the units digit of l(3)?
2
Let i be (22/(-2))/((-1)/11). Let o = i - -190. What is the tens digit of o?
1
Let j(i) = 2*i**3 - 83*i**2 - 92*i - 51. What is the hundreds digit of j(44)?
5
Let r(x) = -x**2 - 10*x. Let c(i) = -i**2 + 15*i - 10. Let g be c(15). Let o be r(g). Suppose o = 4*n - 9*n + 105. What is the units digit of n?
1
Let m = -471 - -1960. What is the units digit of m?
9
Let q(x) = -4*x**3 - 2*x**2 - 2*x + 2. Let u be q(-2). Suppose -u = -3*b + 72. What is the units digit of b?
4
Let k(s) = s**3 - 9*s**2 - 6*s + 10. Let i be k(10). Let z = i + 24. What is the tens digit of z?
7
Let u(k) = -k + 1. Let w be u(-1). Suppose -2*l = w*l + 8. What is the tens digit of (-9)/l*16/6?
1
What is the hundreds digit of 4/((-20)/(-15)) + (-1 - -614)?
6
Let l be ((-12)/(-16))/(2/(-8))*1. Let j(o) = -2*o - 3. Let k be j(-6). Let i = l + k. What is the units digit of i?
6
Let z = 4 - 13. Let d = z + 14. Suppose -2*u - b = -40, d*u + b - 110 = -4*b. What is the tens digit of u?
1
Suppose -4*q = -2*f + 12, q + 2*f - 5*f + 8 = 0. What is the tens digit of (-1 - -2)/(-1)*82/q?
4
Suppose -2*u = 5*u + 49. What is the units digit of 2/u + 161/49?
3
What is the thousands digit of (-7)/((-140)/59812) + 9/(-15)?
2
Let c = 187 + -100. Let a = c + -62. What is the units digit of a?
5
Let s(l) = 163*l + 14. What is the hundreds digit of s(4)?
6
Suppose 2*o + 4 = 0, 71 = 4*i - i + 5*o. What is the tens digit of i?
2
Let j = 1548 - 725. What is the tens digit of j?
2
Suppose -18*d = -2*d - 15104. What is the hundreds digit of d?
9
Let d = -148 - -141. What is the tens digit of (-684)/d - 28/(-98)?
9
Let p(v) = v - 2. Let u(l) = -1 + 4 - 1 - 3. Let g(q) = 3*p(q) - 4*u(q). What is the units digit of g(4)?
0
Suppose -12*p = -11*p - 10. What is the tens digit of (73 - p) + 3 + 0?
6
Let n(c) = 4*c**3 - c + 4*c**3 + 4*c**3. What is the tens digit of n(1)?
1
Let h = -88 + 55. Let j = h - -33. Let p(o) = o + 46. What is the tens digit of p(j)?
4
What is the hundreds digit of (32 - -49)/(1/3)?
2
Suppose 4 = -2*g + 6, 415 = 4*y - g. What is the tens digit of y?
0
Suppose -3*y - u + 863 = 0, -u + 3*u - 582 = -2*y. Suppose -110 = -3*j + y. What is the tens digit of j?
3
Suppose -64 = 3*w + 2*o, -3*w - 2*o - 100 = 2*w. Let l = 63 + w. What is the units digit of l?
5
Let p(a) = -a**3 - 26*a**2 + 40. What is the tens digit of p(-27)?
6
Suppose -56*d + 18537 = -19*d. What is the hundreds digit of d?
5
Let z = 462 + -355. What is the hundreds digit of z?
1
Let u = -18 + 22. Suppose 11 = u*j - 5. Suppose 3*s + s - j = 0. What is the units digit of s?
1
What is the tens digit of 18/(-54) + -3*16959/(-27)?
8
Suppose c + 2*c = 0. Let r = c + 4. Suppose -3*i - k + 193 = 0, 4*k = 5*i - r*i - 86. What is the units digit of i?
6
Let u be (-2)/7 + 4/14. Let g = u - -1. Let x = 10 - g. What is the units digit of x?
9
Suppose -2*z + 4*w + 1470 = 0, -4 - 2 = 3*w. What is the tens digit of z?
3
Let t be (-30)/(-9) + 16/24. Suppose 0 = t*a - 77 - 127. What is the tens digit of a?
5
Let q = -3570 + 6650. What is the tens digit of q?
8
Let u(r) = r**3 - 17*r**2 + 9*r + 22. Let x be (-95)/(3 + -8) - 2. What is the hundreds digit of u(x)?
1
Let q be 165/22*12/10. Let s be 363/q - (-2)/(-6). Suppose -5*d + 40 = -s. What is the tens digit of d?
1
Let m(n) be the first derivative of -10*n**2 - 3*n + 18. What is the hundreds digit of m(-6)?
1
Suppose 0*w = -3*w. Suppose 5*m + 128 - 603 = w. What is the units digit of m?
5
Let f be 2*((-12)/8 + 3). Suppose 87 = s + f*t, 2*s + 0*s - 2*t - 174 = 0. Suppose -5*r = 2 - s. What is the tens digit of r?
1
Suppose n + 14 - 100 = 0. Suppose -3*s = s - 2*b - n, 100 = 5*s - 5*b. What is the tens digit of s?
2
Suppose -5*b + 1759 = -j - 2226, -5*j + 3159 = 4*b. What is the units digit of b?
6
Let j be 0*(-1)/2 - (-16 + 12). What is the units digit of -6*(1/2 - (j + -2))?
9
Let s(u) be the first derivative of -5/2*u**2 + 3*u - 7. What is the units digit of s(-1)?
8
Suppose -g - 2*g + 1926 = a, -5*a - g + 9630 = 0. What is the thousands digit of a?
1
Let g = 1772 + -759. What is the units digit of g?
3
Suppose -38 = l - 3*y + 16, -l + 2*y = 54. Let u = 113 - l. What is the hundreds digit of u?
1
Suppose -1973 = -21*b + 26797. What is the hundreds digit of b?
3
Suppose -7*m = m - 2752. What is the tens digit of m?
4
Suppose 0 = -5*y - 9134 - 25271. What is the tens digit of y/(-49) - (-3)/(-7)?
4
Let y be ((-70)/(-3))/(-10)*-1*3. Let c(j) = 2*j**2 + 8*j - 32. What is the hundreds digit of c(y)?
1
Let q = 21 + -16. Suppose 3*k - 166 = -j, 2*j + j - 568 = q*k. What is the hundreds digit of j?
1
Let p be (-144)/(-7) - (-12)/28. Let z = p - 9. What is the units digit of z?
2
Let q(s) be the third derivative of s**7/252 + s**6/720 + 3*s**5/20 + 8*s**2. Let j(m) be the third derivative of q(m). What is the tens digit of j(3)?
6
Let g(n) be the second derivative of -n**5/20 - 5*n**4/4 - 7*n**3/6 + 7*n**2 - 33*n. What is the tens digit of g(-15)?
1
Let o = 209 + -87. Let y be o/4 + 6/(-12). Let g = -11 + y. What is the units digit of g?
9
Let y = 44 - 47. Let m(s) = -s**3 + 2*s**2 + 7*s + 10. What is the units digit of m(y)?
4
Let b(j) = 518*j**3 - 2*j**2 + 5*j - 2. What is the units digit of b(1)?
9
Suppose -1544 = 3*p - 10979. What is the thousands digit of p?
3
Let r = -29 + 32. Let p(v) = v**2 + 4*v - 5. What is the tens digit of p(r)?
1
Suppose 3*n = -b + 4*b - 237, -2*n + 346 = 4*b. What is the tens digit of b?
8
Suppose -3*u + 8*u = 0. Suppose 3*o + 3 - 45 = u. Suppose -3*m + o = -28. What is the units digit of m?
4
Let p = 346 - -2561. What is the units digit of p?
7
Suppose 4*x = -3*j + 5134, j - 5*x = 46 + 1659. What is the units digit of j?
0
Suppose -4*k + 10 + 22 = 0. Let g = 22 - k. Suppose 2*j + g = y + 3*y, 0 = -j - y + 8. What is the units digit of j?
3
Let q(o) = o**3 - 5*o**2 - 3*o + 3. Let w be q(3). Let d be (1/(-2))/(6/w). Suppose -d*z = -6*z + 32. What is the units digit of z?
8
Let l(d) = 193*d - 20. What is the units digit of l(2)?
6
Let d be 1/(-2) - 10/(